{"id":1,"date":"2016-04-23T03:48:00","date_gmt":"2016-04-23T03:48:00","guid":{"rendered":"http:\/\/schubihelp.de\/?p=1"},"modified":"2022-01-28T19:01:25","modified_gmt":"2022-01-28T19:01:25","slug":"lernen-mit-buechern-und-medien","status":"publish","type":"page","link":"https:\/\/schubihelp.de\/?page_id=1","title":{"rendered":"Lernen mit Medien"},"content":{"rendered":"\n<p>Medienkompetent sollen Sch\u00fclerinnen und Sch\u00fcler heute sein. Doch wie erwirbt man Medienkompetenz ohne Medien? Eine moderne Schulbibliothek ist der Schl\u00fcssel: B\u00fccher, Zeitschriften, Internetquellen, eBooks, ePapers, Filme&#8230;. stehen der Schulgemeinschaft zur Verf\u00fcgung &#8211; jeden Tag, direkt in der Schule! <\/p>\n\n\n\n<div class=\"wp-block-group alignwide\"><div class=\"wp-block-group__inner-container is-layout-flow wp-block-group-is-layout-flow\">\n<figure class=\"wp-block-gallery has-nested-images columns-default is-cropped wp-block-gallery-1 is-layout-flex wp-block-gallery-is-layout-flex\">\n<figure class=\"wp-block-image size-large\"><img loading=\"lazy\" decoding=\"async\" width=\"300\" height=\"225\" data-id=\"50\" src=\"http:\/\/schubihelp.de\/wp-content\/uploads\/2020\/04\/P6180148-300x225.jpg\" alt=\"\" class=\"wp-image-50\" srcset=\"https:\/\/schubihelp.de\/wp-content\/uploads\/2020\/04\/P6180148-300x225.jpg 300w, https:\/\/schubihelp.de\/wp-content\/uploads\/2020\/04\/P6180148-1024x768.jpg 1024w, https:\/\/schubihelp.de\/wp-content\/uploads\/2020\/04\/P6180148-768x576.jpg 768w, https:\/\/schubihelp.de\/wp-content\/uploads\/2020\/04\/P6180148-1536x1152.jpg 1536w, https:\/\/schubihelp.de\/wp-content\/uploads\/2020\/04\/P6180148-2048x1536.jpg 2048w\" sizes=\"auto, (max-width: 300px) 100vw, 300px\" \/><figcaption>Kinderbibliothek<\/figcaption><\/figure>\n\n\n\n<figure class=\"wp-block-image size-large\"><img loading=\"lazy\" decoding=\"async\" width=\"225\" height=\"300\" data-id=\"47\" src=\"http:\/\/schubihelp.de\/wp-content\/uploads\/2016\/05\/35c924a2-e30a-446b-a11e-f3984bf240f1-225x300.jpg\" alt=\"\" class=\"wp-image-47\" srcset=\"https:\/\/schubihelp.de\/wp-content\/uploads\/2016\/05\/35c924a2-e30a-446b-a11e-f3984bf240f1-225x300.jpg 225w, https:\/\/schubihelp.de\/wp-content\/uploads\/2016\/05\/35c924a2-e30a-446b-a11e-f3984bf240f1-768x1024.jpg 768w, https:\/\/schubihelp.de\/wp-content\/uploads\/2016\/05\/35c924a2-e30a-446b-a11e-f3984bf240f1-1152x1536.jpg 1152w, https:\/\/schubihelp.de\/wp-content\/uploads\/2016\/05\/35c924a2-e30a-446b-a11e-f3984bf240f1.jpg 1200w\" sizes=\"auto, (max-width: 225px) 100vw, 225px\" \/><figcaption>und sp\u00e4ter&#8230;.<\/figcaption><\/figure>\n<\/figure>\n<\/div><\/div>\n\n\n\n<p><\/p>\n","protected":false},"excerpt":{"rendered":"<p>Medienkompetent sollen Sch\u00fclerinnen und Sch\u00fcler heute sein. Doch wie erwirbt man Medienkompetenz ohne Medien? Eine moderne Schulbibliothek ist der Schl\u00fcssel: B\u00fccher, Zeitschriften, Internetquellen, eBooks, ePapers, Filme&#8230;. stehen der Schulgemeinschaft zur Verf\u00fcgung &#8211; jeden Tag, direkt in der Schule!<\/p>\n","protected":false},"author":1,"featured_media":0,"parent":0,"menu_order":0,"comment_status":"closed","ping_status":"closed","template":"","meta":{"footnotes":""},"class_list":["post-1","page","type-page","status-publish","hentry"],"_links":{"self":[{"href":"https:\/\/schubihelp.de\/index.php?rest_route=\/wp\/v2\/pages\/1","targetHints":{"allow":["GET"]}}],"collection":[{"href":"https:\/\/schubihelp.de\/index.php?rest_route=\/wp\/v2\/pages"}],"about":[{"href":"https:\/\/schubihelp.de\/index.php?rest_route=\/wp\/v2\/types\/page"}],"author":[{"embeddable":true,"href":"https:\/\/schubihelp.de\/index.php?rest_route=\/wp\/v2\/users\/1"}],"replies":[{"embeddable":true,"href":"https:\/\/schubihelp.de\/index.php?rest_route=%2Fwp%2Fv2%2Fcomments&post=1"}],"version-history":[{"count":9,"href":"https:\/\/schubihelp.de\/index.php?rest_route=\/wp\/v2\/pages\/1\/revisions"}],"predecessor-version":[{"id":240,"href":"https:\/\/schubihelp.de\/index.php?rest_route=\/wp\/v2\/pages\/1\/revisions\/240"}],"wp:attachment":[{"href":"https:\/\/schubihelp.de\/index.php?rest_route=%2Fwp%2Fv2%2Fmedia&parent=1"}],"curies":[{"name":"wp","href":"https:\/\/api.w.org\/{rel}","templated":true}]}}