{"id":101,"date":"2020-04-23T20:45:17","date_gmt":"2020-04-23T20:45:17","guid":{"rendered":"http:\/\/schubihelp.de\/?page_id=101"},"modified":"2025-07-24T13:24:45","modified_gmt":"2025-07-24T13:24:45","slug":"wofuer-ich-mich-einsetze","status":"publish","type":"page","link":"https:\/\/schubihelp.de\/?page_id=101","title":{"rendered":"Wof\u00fcr ich mich einsetze"},"content":{"rendered":"\n<p class=\"has-normal-font-size\">Meine Bibliothek in der Realschule bestand aus verschlossenen <br>Vitrinen, an denen ich mir in der Mittagspause die Nase platt dr\u00fcckte.<br>Meine Schulbibliothek am Gymnasium war nicht vorhanden.<\/p>\n\n\n\n<div class=\"wp-block-media-text alignwide is-stacked-on-mobile is-vertically-aligned-center\" style=\"grid-template-columns:46% auto\"><figure class=\"wp-block-media-text__media\"><img loading=\"lazy\" decoding=\"async\" width=\"571\" height=\"531\" src=\"http:\/\/schubihelp.de\/wp-content\/uploads\/2020\/04\/98fd62c3-9578-4dcf-b082-1302deaeb774.jpg\" alt=\"Beim Skypen mit einer Schulklasse\" class=\"wp-image-151 size-full\" srcset=\"https:\/\/schubihelp.de\/wp-content\/uploads\/2020\/04\/98fd62c3-9578-4dcf-b082-1302deaeb774.jpg 571w, https:\/\/schubihelp.de\/wp-content\/uploads\/2020\/04\/98fd62c3-9578-4dcf-b082-1302deaeb774-300x279.jpg 300w\" sizes=\"auto, (max-width: 571px) 100vw, 571px\" \/><\/figure><div class=\"wp-block-media-text__content\">\n<p><\/p>\n\n\n\n<p class=\"has-normal-font-size\">Lese-und Medienkompetenz f\u00f6rdern mit einer modernen Schulbibliothek, in allen Schulen, unabh\u00e4ngig vom Geldbeutel der Eltern &#8211; <br>daf\u00fcr setze ich mich ein.<\/p>\n\n\n\n<p><\/p>\n\n\n\n<p class=\"has-small-font-size\"><br><span class=\"has-inline-color has-bright-blue-color\"><em>Angelika Holderried<\/em> im Gespr\u00e4ch<\/span><br><span class=\"has-inline-color has-bright-blue-color\">mit einer Schulklasse<\/span><\/p>\n<\/div><\/div>\n","protected":false},"excerpt":{"rendered":"<p>Meine Bibliothek in der Realschule bestand aus verschlossenen Vitrinen, an denen ich mir in der Mittagspause die Nase platt dr\u00fcckte.Meine Schulbibliothek am Gymnasium war nicht vorhanden. Lese-und Medienkompetenz f\u00f6rdern mit einer modernen Schulbibliothek, in allen Schulen, unabh\u00e4ngig vom Geldbeutel der Eltern &#8211; daf\u00fcr setze ich mich ein. Angelika Holderried im Gespr\u00e4chmit einer Schulklasse<\/p>\n","protected":false},"author":1,"featured_media":0,"parent":0,"menu_order":0,"comment_status":"closed","ping_status":"closed","template":"","meta":{"footnotes":""},"class_list":["post-101","page","type-page","status-publish","hentry"],"_links":{"self":[{"href":"https:\/\/schubihelp.de\/index.php?rest_route=\/wp\/v2\/pages\/101","targetHints":{"allow":["GET"]}}],"collection":[{"href":"https:\/\/schubihelp.de\/index.php?rest_route=\/wp\/v2\/pages"}],"about":[{"href":"https:\/\/schubihelp.de\/index.php?rest_route=\/wp\/v2\/types\/page"}],"author":[{"embeddable":true,"href":"https:\/\/schubihelp.de\/index.php?rest_route=\/wp\/v2\/users\/1"}],"replies":[{"embeddable":true,"href":"https:\/\/schubihelp.de\/index.php?rest_route=%2Fwp%2Fv2%2Fcomments&post=101"}],"version-history":[{"count":37,"href":"https:\/\/schubihelp.de\/index.php?rest_route=\/wp\/v2\/pages\/101\/revisions"}],"predecessor-version":[{"id":292,"href":"https:\/\/schubihelp.de\/index.php?rest_route=\/wp\/v2\/pages\/101\/revisions\/292"}],"wp:attachment":[{"href":"https:\/\/schubihelp.de\/index.php?rest_route=%2Fwp%2Fv2%2Fmedia&parent=101"}],"curies":[{"name":"wp","href":"https:\/\/api.w.org\/{rel}","templated":true}]}}